igit of 302954?
0
What is the hundred thousands digit of 607879?
6
What is the hundred thousands digit of 644128?
6
What is the hundred thousands digit of 1586628?
5
What is the millions digit of 1081875?
1
What is the ten thousands digit of 229734?
2
What is the tens digit of 225536?
3
What is the thousands digit of 3752768?
2
What is the hundred thousands digit of 13564594?
5
What is the hundred thousands digit of 5392859?
3
What is the hundreds digit of 184208?
2
What is the hundreds digit of 65510?
5
What is the millions digit of 2367872?
2
What is the millions digit of 2739583?
2
What is the hundreds digit of 56066?
0
What is the ten thousands digit of 1349713?
4
What is the hundred thousands digit of 141218?
1
What is the ten thousands digit of 178656?
7
What is the hundred thousands digit of 224512?
2
What is the units digit of 1919239?
9
What is the hundreds digit of 1343044?
0
What is the hundred thousands digit of 9927325?
9
What is the hundred thousands digit of 617187?
6
What is the hundreds digit of 84323?
3
What is the tens digit of 47478?
7
What is the units digit of 12151718?
8
What is the hundreds digit of 1834019?
0
What is the ten thousands digit of 529787?
2
What is the tens digit of 890690?
9
What is the units digit of 409991?
1
What is the tens digit of 10625187?
8
What is the ten thousands digit of 1213430?
1
What is the hundreds digit of 15179107?
1
What is the thousands digit of 111122?
1
What is the tens digit of 221702?
0
What is the thousands digit of 2041663?
1
What is the hundreds digit of 11710189?
1
What is the hundred thousands digit of 2000175?
0
What is the thousands digit of 881546?
1
What is the units digit of 15990460?
0
What is the millions digit of 3586139?
3
What is the hundreds digit of 730954?
9
What is the hundreds digit of 292776?
7
What is the thousands digit of 176459?
6
What is the ten thousands digit of 78337?
7
What is the hundreds digit of 2521721?
7
What is the tens digit of 5273515?
1
What is the units digit of 441232?
2
What is the thousands digit of 267391?
7
What is the hundreds digit of 38676?
6
What is the thousands digit of 16047207?
7
What is the ten thousands digit of 428844?
2
What is the units digit of 109368?
8
What is the ten thousands digit of 106762?
0
What is the ten thousands digit of 3632138?
3
What is the hundred thousands digit of 29966463?
9
What is the thousands digit of 1819314?
9
What is the millions digit of 4388975?
4
What is the thousands digit of 350266?
0
What is the hundreds digit of 1574378?
3
What is the hundreds digit of 37747?
7
What is the units digit of 16663718?
8
What is the hundreds digit of 140739?
7
What is the thousands digit of 618403?
8
What is the hundreds digit of 2248176?
1
What is the tens digit of 11443158?
5
What is the tens digit of 208654?
5
What is the hundreds digit of 1026571?
5
What is the hundreds digit of 203768?
7
What is the millions digit of 10149903?
0
What is the units digit of 7939174?
4
What is the hundreds digit of 947055?
0
What is the thousands digit of 4321393?
1
What is the tens digit of 7798235?
3
What is the units digit of 122531?
1
What is the millions digit of 6388544?
6
What is the tens digit of 1115057?
5
What is the tens digit of 664477?
7
What is the units digit of 720638?
8
What is the ten thousands digit of 430914?
3
What is the millions digit of 15559276?
5
What is the thousands digit of 1910652?
0
What is the thousands digit of 679341?
9
What is the thousands digit of 195209?
5
What is the units digit of 15799337?
7
What is the hundreds digit of 851426?
4
What is the units digit of 110615?
5
What is the tens digit of 30861353?
5
What is the hundreds digit of 294683?
6
What is the units digit of 1214938?
8
What is the units digit of 35124?
4
What is the hundred thousands digit of 569699?
5
What is the ten thousands digit of 147711?
4
What is the units digit of 67469?
9
What is the hundred thousands digit of 742213?
7
What is the tens digit of 137857?
5
What is the hundred thousands digit of 14322147?
3
What is the hundreds digit of 132167?
1
What is the millions digit of 16163006?
6
What is the thousands digit of 247485?
7
What is the tens digit of 1861896?
9
What is the ten thousands digit of 2545009?
4
What is the thousands digit of 2060652?
0
What is the hundred thousands digit of 1926418?
9
What is the hundred thousands digit of 4743028?
7
What is the tens digit of 4864147?
4
What is the millions digit of 1307459?
1
What is the hundreds digit of 1080003?
0
What is the thousands digit of 12136899?
6
What is the units digit of 3621797?
7
What is the ten thousands digit of 999997?
9
What is the thousands digit of 332947?
2
What is the tens digit of 161202?
0
What is the units digit of 1143444?
4
What is the thousands digit of 6257955?
7
What is the hundreds digit of 4171257?
2
What is the ten thousands digit of 1403467?
0
What is the units digit of 5561975?
5
What is the hundreds digit of 3519735?
7
What is the hundred thousands digit of 3208965?
2
What is the units digit of 7964560?
0
What is the units digit of 2841374?
4
What is the tens digit of 191359?
5
What is the thousands digit of 222210?
2
What is the tens digit of 475898?
9
What is the ten millions digit of 15615072?
1
What is the millions digit of 7855892?
7
What is the tens digit of 1167078?
7
What is the thousands digit of 236925?
6
What is the tens digit of 3978351?
5
What is the ten thousands digit of 5765895?
6
What is the ten millions digit of 14749833?
1
What is the tens digit of 450221?
2
What is the units digit of 464965?
5
What is the thousands digit of 481302?
1
What is the ten thousands digit of 227431?
2
What is the ten thousands digit of 559465?
5
What is the tens digit of 203758?
5
What is the ten thousands digit of 869701?
6
What is the ten thousands digit of 166981?
6
What is the hundreds digit of 527823?
8
What is the hundred thousands digit of 270774?
2
What is the thousands digit of 577057?
7
What is the units digit of 1501925?
5
What is the hundreds digit of 2655813?
8
What is the hundred thousands digit of 188570?
1
What is the ten thousands digit of 800439?
0
What is the units digit of 27547261?
1
What is the ten millions digit of 10829320?
1
What is the millions digit of 2398937?
2
What is the thousands digit of 16113345?
3
What is the thousands digit of 286670?
6
What is the thousands digit of 145589?
5
What is the hundreds digit of 550911?
9
What is the units digit of 444249?
9
What is the hundred thousands digit of 966931?
9
What is the ten thousands digit of 391054?
9
What is the hundred thousands digit of 30143834?
1
What is the hundreds digit of 42360?
3
What is the thousands digit of 10032003?
2
What is the units digit of 613090?
0
What is the hundred thousands digit of 132970?
1
What is the thousands digit of 1309672?
9
What is the hundreds digit of 589194?
1
What is the thousands digit of 75253?
5
What is the units digit of 4564963?
3
What is the hundreds digit of 381225?
2
What is the thousands digit of 33743?
3
What is the millions digit of 10603549?
0
What is the hundred thousands digit of 823268?
8
What is the hundreds digit of 591160?
1
What is the hundred thousands digit of 3952908?
9
What is the thousands digit of 134419?
4
What is the tens digit of 1825675?
7
What is the hundreds digit of 65627?
6
What is the millions digit of 1445131?
1
What is the units digit of 15720693?
3
What is the hundreds digit of 854818?
8
What is the tens digit of 293745?
4
What is the ten millions digit of 28201860?
2
What is the hundreds digit of 540678?
6
What is the ten thousands digit of 263210?
6
What is the hundred thousands digit of 5647033?
6
What is the units digit of 4391630?
0
What is the thousands digit of 17543030?
3
What is the ten thousands digit of 4959767?
5
What is the thousands digit of 29503445?
3
What is the ten thousands digit of 397405?
9
What is the hundreds digit of 550050?
0
What is the tens digit of 54209?
0
What is the tens digit of 14038?
3
What is the ten thousands digit of 174163?
7
What is the ten millions digit of 16787810?
1
What is the ten thousands digit of 234192?
3
What is the millions digit of 10767266?
0
What is the tens digit of 36627?
2
What is the millions digit of 18697893?
8
What is t